12.
-24
Convert 0 (base 2) to base 10.
0
-1 (base 3) to base 6
-1
1331 (base 5) to base 4
3120
What is -8 (base 15) in base 14?
-8
What is -111 (base 3) in base 7?
-16
Convert 1110001 (base 2) to base 11.
a3
Convert -5 (base 16) to base 3.
-12
-7 (base 13) to base 8
-7
Convert -33 (base 6) to base 3.
-210
Convert -4a (base 11) to base 10.
-54
Convert 5 (base 9) to base 11.
5
1 (base 8) to base 6
1
What is -2 (base 7) in base 15?
-2
Convert -127 (base 11) to base 5.
-1100
What is -22 (base 13) in base 6?
-44
Convert 3 (base 4) to base 5.
3
What is 100101010 (base 2) in base 16?
12a
What is 3 (base 11) in base 14?
3
Convert -2021 (base 3) to base 14.
-45
Convert -11010110 (base 2) to base 11.
-185
What is -16 (base 15) in base 14?
-17
30 (base 7) to base 9
23
Convert -1310 (base 6) to base 3.
-110020
What is 10 (base 4) in base 7?
4
What is -2 (base 10) in base 16?
-2
What is -303 (base 5) in base 14?
-58
Convert 40 (base 6) to base 10.
24
-c0 (base 14) to base 9
-206
Convert 6 (base 15) to base 5.
11
What is -36 (base 12) in base 11?
-39
-554 (base 6) to base 12
-15a
Convert -55 (base 12) to base 5.
-230
What is 1133 (base 4) in base 8?
137
Convert -530 (base 6) to base 10.
-198
What is 2 (base 14) in base 3?
2
-133 (base 4) to base 3
-1011
-77 (base 13) to base 12
-82
111 (base 3) to base 15
d
What is 10 (base 10) in base 12?
a
Convert -4 (base 6) to base 12.
-4
11010 (base 2) to base 9
28
-5 (base 13) to base 15
-5
Convert -2134 (base 5) to base 2.
-100100110
Convert 6 (base 15) to base 3.
20
Convert -51 (base 6) to base 11.
-29
2 (base 11) to base 13
2
Convert -1 (base 11) to base 10.
-1
What is 1e (base 15) in base 13?
23
What is 2 (base 16) in base 8?
2
What is -3 (base 16) in base 14?
-3
Convert 1223 (base 4) to base 16.
6b
What is -2 (base 16) in base 12?
-2
2 (base 12) to base 5
2
What is 2 (base 3) in base 13?
2
What is -14 (base 11) in base 5?
-30
What is -1 (base 7) in base 11?
-1
-1010 (base 2) to base 11
-a
Convert 54 (base 12) to base 8.
100
Convert 16a (base 12) to base 2.
11100010
-6 (base 14) to base 13
-6
Convert -2 (base 15) to base 2.
-10
-467 (base 8) to base 3
-102112
21 (base 4) to base 14
9
0 (base 6) to base 11
0
Convert 211 (base 3) to base 5.
42
0 (base 5) to base 10
0
-1 (base 10) to base 16
-1
1 (base 15) to base 7
1
Convert -120120 (base 3) to base 16.
-1a4
What is -41 (base 7) in base 5?
-104
Convert 14 (base 9) to base 10.
13
What is -25 (base 11) in base 15?
-1c
Convert -3 (base 12) to base 10.
-3
-3010 (base 4) to base 7
-400
-13 (base 6) to base 7
-12
What is -3 (base 8) in base 3?
-10
What is 0 (base 15) in base 16?
0
What is -11011 (base 2) in base 13?
-21
Convert 20 (base 11) to base 5.
42
-147 (base 10) to base 13
-b4
What is -159 (base 11) in base 5?
-1220
-2 (base 10) to base 8
-2
What is -4a (base 12) in base 6?
-134
Convert 38 (base 9) to base 7.
50
What is -2 (base 7) in base 16?
-2
What is 4 (base 16) in base 4?
10
Convert 65 (base 12) to base 7.
140
What is 152 (base 8) in base 14?
78
11 (base 9) to base 14
a
What is 223 (base 7) in base 3?
11021
-1002 (base 3) to base 4
-131
-11 (base 4) to base 5
-10
What is -1 (base 13) in base 14?
-1
What is -1 (base 12) in base 11?
-1
Convert 9 (base 12) to base 13.
9
Convert -26 (base 13) to base 12.
-28
-3 (base 4) to base 13
-3
431 (base 5) to base 15
7b
What is -21 (base 3) in base 2?
-111
7 (base 12) to base 5
12
-33 (base 5) to base 14
-14
30 (base 4) to base 6
20
12 (base 7) to base 11
9
Convert -10101 (base 2) to base 8.
-25
Convert 100 (base 2) to base 3.
11
-10 (base 9) to base 12
-9
-1 (base 2) to base 6
-1
What is 1020 (base 3) in base 14?
25
29 (base 14) to base 12
31
102 (base 5) to base 4
123
What is f (base 16) in base 13?
12
-10 (base 9) to base 16
-9
What is 21 (base 3) in base 2?
111
What is -a (base 13) in base 14?
-a
-8 (base 12) to base 8
-10
21 (base 16) to base 7
45
1 (base 12) to base 10
1
Convert 0 (base 2) to base 16.
0
-2 (base 10) to base 14
-2
0 (base 2) to base 5
0
What is -15 (base 14) in base 8?
-23
9 (base 15) to base 14
9
What is -13 (base 15) in base 4?
-102
-4 (base 15) to base 6
-4
Convert -1b8 (base 14) to base 9.
-437
What is -63 (base 9) in base 6?
-133
-11 (base 7) to base 4
-20
What is -b (base 12) in base 13?
-b
4d (base 14) to base 4
1011
What is -11 (base 15) in base 8?
-20
What is -1 (base 16) in base 15?
-1
3 (base 12) to base 6
3
What is 5 (base 11) in base 12?
5
What is 252 (base 8) in base 5?
1140
What is 2 (base 15) in base 3?
2
Convert 3 (base 14) to base 13.
3
What is -4 (base 6) in base 8?
-4
30 (base 13) to base 12
33
5 (base 9) to base 8
5
What is a2 (base 13) in base 6?
340
Convert -39 (base 12) to base 15.
-30
What is -2b (base 15) in base 7?
-56
Convert 5 (base 11) to base 13.
5
What is -14 (base 5) in base 10?
-9
What is 0 (base 11) in base 13?
0
What is -10020 (base 4) in base 3?
-100210
What is 9 (base 16) in base 10?
9
5 (base 12) to base 15
5
What is -1 (base 10) in base 12?
-1
-14 (base 7) to base 3
-102
Convert -39 (base 13) to base 15.
-33
What is -10 (base 10) in base 13?
-a
-2 (base 7) to base 16
-2
Convert 31 (base 13) to base 15.
2a
-253 (base 6) to base 8
-151
57 (base 16) to base 7
153
Convert -110 (base 2) to base 5.
-11
36 (base 11) to base 12
33
What is -a (base 14) in base 11?
-a
120 (base 3) to base 4
33
-35 (base 11) to base 16
-26
Convert 11 (base 7) to base 9.
8
What is -3 (base 16) in base 4?
-3
Convert 16 (base 13) to base 4.
103
50 (base 6) to base 2
11110
What is -26 (base 7) in base 12?
-18
Convert 1 (base 4) to base 8.
1
What is 20 (base 9) in base 10?
18
Convert 40 (base 8) to base 3.
1012
What is -4 (base 6) in base 10?
-4
What is 12 (base 4) in base 2?
110
What is -2 (base 3) in base 16?
-2
Convert -39 (base 10) to base 15.
-29
13 (base 4) to base 11
7
-2 (base 5) to base 8
-2
Convert 5 (base 8) to base 7.
5
Convert -1101 (base 2) to base 10.
-13
-1 (base 4) to base 12
-1
What is 3 (base 5) in base 9?
3
Convert 2 (base 4) to base 12.
2
-3 (base 10) to base 12
-3
Convert -124 (base 7) to base 9.
-74
What is -3 (base 5) in base 11?
-3
What is 101 (base 3) in base 10?
10
What is -16 (base 10) in base 9?
-17
What is -6 (base 15) in base 11?
-6
What is -41 (base 8) in base 7?
-45
What is -1033 (base 5) in base 8?
-217
What is 111 (base 2) in base 5?
12
What is -21 (base 4) in base 11?
-9
What is 10 (base 13) in base 5?
23
-13 (base 8) to base 16
-b
What is 11 (base 7) in base 9?
8
-76 (base 8) to base 16
-3e
114 (base 15) to base 13
15a
Convert b (base 14) to base 5.
21
What is -201 (base 4) in base 12?
-29
What is -17 (base 11) in base 16?
-12
Convert -1 (base 10) to base 9.
-1
What is 114 (base 6) in base 4?
232
Convert -150 (base 6) to base 8.
-102
-4 (base 16) to base 8
-4
Convert 9 (base 12) to base 4.
21
-13 (base 4) to base 10
-7
-1 (base 11) to base 9
-1
1 (base 7) to base 11
1
What is 11111 (base 2) in base 10?
31
120 (base 3) to base 5
30
What is 3 (base 14) in base 15?
3
Convert 0 (base 16) to base 11.
0
Convert -40 (base 7) to base 6.
-44
6 (base 8) to base 7
6
What is 7 (base 13) in base 9?
7
543 (base 7) to base 10
276
-5 (base 15) to base 12
-5
Convert -1 (base 6) to base 16.
-1
Convert -48 (base 16) to base 4.
-1020
26 (base 15) to base 9
40
0 (base 13) to base 6
0
What is -1212 (base 4) in base 3?
-10210
3 (base 11) to base 14
3
What is 8 (base 11) in base 6?
12
Convert d3 (base 15) to base 9.
240
What is 235 (base 9) in base 4?
3002
-83 (base 15) to base 4
-1323
-18 (base 15) to base 9
-25
What is 100001 (base 2) in base 16?
21
What is -e5 (base 15) in base 4?
-3113
What is 1c (base 13) in base 5?
100
-9 (base 15) to base 9
-10
Convert -14 (base 12) to base 9.
-17
1 (base 12) to base 6
1
Convert 149 (base 10) to base 4.
2111
Convert 2 (base 6) to base 9.
2
Convert -21 (base 3) to base 5.
-12
Convert -22 (base 11) to base 4.
-120
What is -24 (base 10) in base 2?
-11000
What is -101 (base 2) in base 8?
-5
Convert 3b (base 15) to base 4.
320
330 (base 8) to base 16
d8
-32 (base 14) to base 16
-2c
Convert 1000 (base 2) to base 12.
8
-164 (base 13) to base 8
-373
Convert -11 (base 4) to base 12.
-5
What is -21 (base 7) in base 10?
-15
Convert -4 (base 8) to base 2.
-100
-c (base 15) to base 4
-30
What is -23 (base 10) in base 6?
-35
Convert b (base 15) to bas